{"id":411,"date":"2020-11-17T14:27:32","date_gmt":"2020-11-17T13:27:32","guid":{"rendered":"https:\/\/julien-ancelin.fr\/?page_id=411"},"modified":"2020-12-09T15:26:03","modified_gmt":"2020-12-09T14:26:03","slug":"enjeux-globaux-de-securite","status":"publish","type":"page","link":"https:\/\/julien-ancelin.fr\/?page_id=411","title":{"rendered":"Enjeux de s\u00e9curit\u00e9 collective et arms control"},"content":{"rendered":"\n<div class=\"wp-block-image\"><figure class=\"alignright size-large is-resized\"><img loading=\"lazy\" decoding=\"async\" src=\"https:\/\/julien-ancelin.fr\/wp-content\/uploads\/2020\/11\/Capture-decran-2020-11-11-a-22.54.30-edited.png\" alt=\"\" class=\"wp-image-631\" width=\"180\" height=\"180\" srcset=\"https:\/\/julien-ancelin.fr\/wp-content\/uploads\/2020\/11\/Capture-decran-2020-11-11-a-22.54.30-edited.png 1218w, https:\/\/julien-ancelin.fr\/wp-content\/uploads\/2020\/11\/Capture-decran-2020-11-11-a-22.54.30-edited-300x300.png 300w, https:\/\/julien-ancelin.fr\/wp-content\/uploads\/2020\/11\/Capture-decran-2020-11-11-a-22.54.30-edited-1024x1022.png 1024w, https:\/\/julien-ancelin.fr\/wp-content\/uploads\/2020\/11\/Capture-decran-2020-11-11-a-22.54.30-edited-150x150.png 150w, https:\/\/julien-ancelin.fr\/wp-content\/uploads\/2020\/11\/Capture-decran-2020-11-11-a-22.54.30-edited-768x767.png 768w, https:\/\/julien-ancelin.fr\/wp-content\/uploads\/2020\/11\/Capture-decran-2020-11-11-a-22.54.30-edited-88x88.png 88w, https:\/\/julien-ancelin.fr\/wp-content\/uploads\/2020\/11\/Capture-decran-2020-11-11-a-22.54.30-edited-973x971.png 973w, https:\/\/julien-ancelin.fr\/wp-content\/uploads\/2020\/11\/Capture-decran-2020-11-11-a-22.54.30-edited-508x507.png 508w\" sizes=\"auto, (max-width: 180px) 100vw, 180px\" \/><\/figure><\/div>\n\n\n\n<p>Les \u00ab\u00a0crises\u00a0\u00bb qui traversent les relations internationales depuis le d\u00e9but du XXI\u00e8me si\u00e8cle provoquent d&rsquo;importants soubresauts pour l&rsquo;ordonnancement juridique. Le syst\u00e8me de la Charte est confront\u00e9 \u00e0 des d\u00e9fiances multiples et certains objets de confiance issus de l&rsquo;arms control, adopt\u00e9s pendant la guerre froide et \u00e0 son issue, font aujourd&rsquo;hui l&rsquo;objet de d\u00e9nonciations. <\/p>\n\n\n\n<div class=\"wp-block-buttons is-layout-flex wp-block-buttons-is-layout-flex\">\n<div class=\"wp-block-button\"><a class=\"wp-block-button__link\" href=\"https:\/\/julien-ancelin.fr\/?page_id=450\">Publication scientifique<\/a><\/div>\n\n\n\n<div class=\"wp-block-button\"><a class=\"wp-block-button__link\" href=\"https:\/\/julien-ancelin.fr\/?page_id=463\">Colloques et conf\u00e9rence<\/a><\/div>\n<\/div>\n\n\n\n<p><\/p>\n","protected":false},"excerpt":{"rendered":"<p>Les \u00ab\u00a0crises\u00a0\u00bb qui traversent les relations internationales depuis le d\u00e9but du XXI\u00e8me si\u00e8cle provoquent d&rsquo;importants soubresauts pour l&rsquo;ordonnancement juridique. Le syst\u00e8me de la Charte est confront\u00e9 \u00e0 des&#8230;<\/p>\n","protected":false},"author":1,"featured_media":0,"parent":312,"menu_order":1,"comment_status":"closed","ping_status":"closed","template":"","meta":{"footnotes":""},"class_list":["post-411","page","type-page","status-publish","hentry"],"_links":{"self":[{"href":"https:\/\/julien-ancelin.fr\/index.php?rest_route=\/wp\/v2\/pages\/411","targetHints":{"allow":["GET"]}}],"collection":[{"href":"https:\/\/julien-ancelin.fr\/index.php?rest_route=\/wp\/v2\/pages"}],"about":[{"href":"https:\/\/julien-ancelin.fr\/index.php?rest_route=\/wp\/v2\/types\/page"}],"author":[{"embeddable":true,"href":"https:\/\/julien-ancelin.fr\/index.php?rest_route=\/wp\/v2\/users\/1"}],"replies":[{"embeddable":true,"href":"https:\/\/julien-ancelin.fr\/index.php?rest_route=%2Fwp%2Fv2%2Fcomments&post=411"}],"version-history":[{"count":15,"href":"https:\/\/julien-ancelin.fr\/index.php?rest_route=\/wp\/v2\/pages\/411\/revisions"}],"predecessor-version":[{"id":710,"href":"https:\/\/julien-ancelin.fr\/index.php?rest_route=\/wp\/v2\/pages\/411\/revisions\/710"}],"up":[{"embeddable":true,"href":"https:\/\/julien-ancelin.fr\/index.php?rest_route=\/wp\/v2\/pages\/312"}],"wp:attachment":[{"href":"https:\/\/julien-ancelin.fr\/index.php?rest_route=%2Fwp%2Fv2%2Fmedia&parent=411"}],"curies":[{"name":"wp","href":"https:\/\/api.w.org\/{rel}","templated":true}]}}