{"id":479,"date":"2020-11-17T18:39:41","date_gmt":"2020-11-17T17:39:41","guid":{"rendered":"https:\/\/julien-ancelin.fr\/?page_id=479"},"modified":"2020-12-09T13:04:09","modified_gmt":"2020-12-09T12:04:09","slug":"publications-scientifiques","status":"publish","type":"page","link":"https:\/\/julien-ancelin.fr\/?page_id=479","title":{"rendered":"Publications scientifiques"},"content":{"rendered":"\n<p class=\"has-text-align-center\"><strong>L\u2019Union europ\u00e9enne et les biens \u00e0 double usage : La politique commerciale commune \u00e0 l\u2019aune de la s\u00e9curit\u00e9 humaine<\/strong><\/p>\n\n\n\n<p class=\"has-text-align-center\">[Article]<\/p>\n\n\n\n<h5 class=\"has-text-align-center wp-block-heading\"><em>La Revue des droits de l&rsquo;homme [en ligne], Lettre d&rsquo;actualit\u00e9 droits et libert\u00e9s, 2017, Paris<\/em><\/h5>\n\n\n\n<div class=\"wp-block-image\"><figure class=\"alignright\"><img loading=\"lazy\" decoding=\"async\" width=\"300\" height=\"255\" src=\"http:\/\/julien-ancelin.fr\/wp-content\/uploads\/2020\/01\/Capture-d\u2019\u00e9cran-2020-01-02-\u00e0-17.41.42-300x255.png\" alt=\"\" class=\"wp-image-118\" srcset=\"https:\/\/julien-ancelin.fr\/wp-content\/uploads\/2020\/01\/Capture-d\u2019\u00e9cran-2020-01-02-\u00e0-17.41.42-300x255.png 300w, https:\/\/julien-ancelin.fr\/wp-content\/uploads\/2020\/01\/Capture-d\u2019\u00e9cran-2020-01-02-\u00e0-17.41.42-768x652.png 768w, https:\/\/julien-ancelin.fr\/wp-content\/uploads\/2020\/01\/Capture-d\u2019\u00e9cran-2020-01-02-\u00e0-17.41.42-1024x870.png 1024w, https:\/\/julien-ancelin.fr\/wp-content\/uploads\/2020\/01\/Capture-d\u2019\u00e9cran-2020-01-02-\u00e0-17.41.42.png 1116w\" sizes=\"auto, (max-width: 300px) 100vw, 300px\" \/><\/figure><\/div>\n\n\n\n<p>Cet article analyse la sp\u00e9cificit\u00e9 des marchandises \u00ab biens \u00e0 double usage \u00bb dans le cadre du droit de l\u2019Union europ\u00e9enne. Employ\u00e9es tant\u00f4t pour favoriser le d\u00e9veloppement \u00e9conomique et social, tant\u00f4t pour faciliter la prolif\u00e9ration des armes et leurs menaces, ces marchandises sensibles connaissent un r\u00e9gime sp\u00e9cial. Confront\u00e9e aux nouvelles menaces qui p\u00e8sent sur la paix et la s\u00e9curit\u00e9 internationales (terrorisme, cybers\u00e9curit\u00e9), l\u2019Union europ\u00e9enne s\u2019est engag\u00e9e dans une refonte du dispositif de contr\u00f4le de leurs transferts. Forte d\u2019une action ext\u00e9rieure ambitieuse, la Commission a propos\u00e9 d\u2019ancrer la s\u00e9curit\u00e9 humaine au centre de ce pan de la politique commerciale commune.<\/p>\n\n\n\n<p>Vous pouvez <strong><a href=\"http:\/\/julien-ancelin.fr\/wp-content\/uploads\/2020\/01\/revdh-3290.pdf\">retrouver cet article en ligne<\/a><\/strong><\/p>\n\n\n\n<hr class=\"wp-block-separator has-text-color has-background has-black-background-color has-black-color is-style-dots\"\/>\n\n\n\n<p class=\"has-text-align-center\"><strong>Le principe de non-refoulement et l\u2019Union europ\u00e9enne \u00e0 l\u2019\u00e9preuve de la crise syrienne<\/strong><\/p>\n\n\n\n<p class=\"has-text-align-center\">[Article]<\/p>\n\n\n\n<h5 class=\"has-text-align-center wp-block-heading\"><em>Revue \u00e9tudes internationales, 2018, vol. XLIX, num. 2, pp.355-389<\/em><\/h5>\n\n\n\n<div class=\"wp-block-image\"><figure class=\"alignright is-resized\"><img loading=\"lazy\" decoding=\"async\" src=\"http:\/\/julien-ancelin.fr\/wp-content\/uploads\/2020\/01\/9782920027497-203x300.jpg\" alt=\"\" class=\"wp-image-102\" width=\"202\" height=\"298\" srcset=\"https:\/\/julien-ancelin.fr\/wp-content\/uploads\/2020\/01\/9782920027497-203x300.jpg 203w, https:\/\/julien-ancelin.fr\/wp-content\/uploads\/2020\/01\/9782920027497.jpg 278w\" sizes=\"auto, (max-width: 202px) 100vw, 202px\" \/><\/figure><\/div>\n\n\n\n<p>Cet article constitue une contribution \u00e0 la publication d&rsquo;un dossier sp\u00e9cial de la revue EI dirig\u00e9 par&nbsp;O. Barsalou et A.-G. Sipowo intitul\u00e9 \u00ab\u00a0Le droit international des r\u00e9fugi\u00e9s face \u00e0 une gouvernance en crise\u00a0\u00bb.&nbsp;L&rsquo;\u00e9tude a pour fonction d&rsquo;analyser, sous l\u2019angle d\u2019un principe cardinal de la protection des r\u00e9fugi\u00e9s, la r\u00e9action adopt\u00e9e par l\u2019Union europ\u00e9enne face \u00e0 la crise des r\u00e9fugi\u00e9s issus de Syrie. Les moyens existants en droit de l\u2019Union pour faire face \u00e0 cette situation se sont rapidement r\u00e9v\u00e9l\u00e9s inadapt\u00e9s et ont laiss\u00e9 place \u00e0 l\u2019adoption d\u2019accords sp\u00e9cifiques ou de positions \u00e9tatiques mettant directement ou indirectement en cause le principe de non-refoulement.<\/p>\n\n\n\n<p>Vous pouvez retrouver cet <a href=\"https:\/\/www.erudit.org\/fr\/revues\/ei\/2018-v49-n2-ei04251\/1055690ar\/\" data-type=\"URL\" data-id=\"https:\/\/www.erudit.org\/fr\/revues\/ei\/2018-v49-n2-ei04251\/1055690ar\/\" target=\"_blank\" rel=\"noopener\"><strong>article en ligne [disponible sur le portail de sciences humaines et sociales Erudit]<\/strong><\/a><\/p>\n","protected":false},"excerpt":{"rendered":"<p>L\u2019Union europ\u00e9enne et les biens \u00e0 double usage : La politique commerciale commune \u00e0 l\u2019aune de la s\u00e9curit\u00e9 humaine [Article] La Revue des droits de l&rsquo;homme [en ligne],&#8230;<\/p>\n","protected":false},"author":1,"featured_media":0,"parent":307,"menu_order":1,"comment_status":"closed","ping_status":"closed","template":"","meta":{"footnotes":""},"class_list":["post-479","page","type-page","status-publish","hentry"],"_links":{"self":[{"href":"https:\/\/julien-ancelin.fr\/index.php?rest_route=\/wp\/v2\/pages\/479","targetHints":{"allow":["GET"]}}],"collection":[{"href":"https:\/\/julien-ancelin.fr\/index.php?rest_route=\/wp\/v2\/pages"}],"about":[{"href":"https:\/\/julien-ancelin.fr\/index.php?rest_route=\/wp\/v2\/types\/page"}],"author":[{"embeddable":true,"href":"https:\/\/julien-ancelin.fr\/index.php?rest_route=\/wp\/v2\/users\/1"}],"replies":[{"embeddable":true,"href":"https:\/\/julien-ancelin.fr\/index.php?rest_route=%2Fwp%2Fv2%2Fcomments&post=479"}],"version-history":[{"count":8,"href":"https:\/\/julien-ancelin.fr\/index.php?rest_route=\/wp\/v2\/pages\/479\/revisions"}],"predecessor-version":[{"id":693,"href":"https:\/\/julien-ancelin.fr\/index.php?rest_route=\/wp\/v2\/pages\/479\/revisions\/693"}],"up":[{"embeddable":true,"href":"https:\/\/julien-ancelin.fr\/index.php?rest_route=\/wp\/v2\/pages\/307"}],"wp:attachment":[{"href":"https:\/\/julien-ancelin.fr\/index.php?rest_route=%2Fwp%2Fv2%2Fmedia&parent=479"}],"curies":[{"name":"wp","href":"https:\/\/api.w.org\/{rel}","templated":true}]}}