{"id":528,"date":"2020-11-18T23:07:04","date_gmt":"2020-11-18T22:07:04","guid":{"rendered":"https:\/\/julien-ancelin.fr\/?page_id=528"},"modified":"2024-03-10T00:36:09","modified_gmt":"2024-03-09T23:36:09","slug":"2-3-1-publications-scientifiques","status":"publish","type":"page","link":"https:\/\/julien-ancelin.fr\/?page_id=528","title":{"rendered":"Publications scientifiques"},"content":{"rendered":"\n<p class=\"has-text-align-center\"><strong>Le soldat augment\u00e9\u00a0: combattant ou moyen de combat\u00a0? \u00c9tat des lieux des d\u00e9fis pour le droit international<\/strong><\/p>\n\n\n\n<p class=\"has-text-align-center\"><strong>\u00a0<em>Les Champs de Mars<\/em>, num\u00e9ro 27, Paris, IRSEM, Presses de SciencesPo, 2021\/2 (publi\u00e9 en 2024), pp.47-70.<\/strong><\/p>\n\n\n<div class=\"wp-block-image\">\n<figure class=\"alignright size-large is-resized\"><img loading=\"lazy\" decoding=\"async\" width=\"679\" height=\"1024\" src=\"https:\/\/julien-ancelin.fr\/wp-content\/uploads\/2024\/03\/LCDM_037-679x1024.jpg\" alt=\"\" class=\"wp-image-804\" style=\"width:292px;height:auto\" srcset=\"https:\/\/julien-ancelin.fr\/wp-content\/uploads\/2024\/03\/LCDM_037-679x1024.jpg 679w, https:\/\/julien-ancelin.fr\/wp-content\/uploads\/2024\/03\/LCDM_037-199x300.jpg 199w, https:\/\/julien-ancelin.fr\/wp-content\/uploads\/2024\/03\/LCDM_037-768x1158.jpg 768w, https:\/\/julien-ancelin.fr\/wp-content\/uploads\/2024\/03\/LCDM_037-1019x1536.jpg 1019w, https:\/\/julien-ancelin.fr\/wp-content\/uploads\/2024\/03\/LCDM_037-1358x2048.jpg 1358w, https:\/\/julien-ancelin.fr\/wp-content\/uploads\/2024\/03\/LCDM_037-973x1467.jpg 973w, https:\/\/julien-ancelin.fr\/wp-content\/uploads\/2024\/03\/LCDM_037-508x766.jpg 508w, https:\/\/julien-ancelin.fr\/wp-content\/uploads\/2024\/03\/LCDM_037-scaled.jpg 1698w\" sizes=\"auto, (max-width: 679px) 100vw, 679px\" \/><\/figure>\n<\/div>\n\n\n<p>La perspective de la mise au point et du d\u00e9ploiement de soldats augment\u00e9s sur les prochains th\u00e9\u00e2tres de conflictualit\u00e9 soul\u00e8ve, pour le droit international, de nombreux questionnements. Sur le plan terminologique, le \u00ab\u00a0soldat augment\u00e9\u00a0\u00bb ne conna\u00eet pas de d\u00e9finition unanimement accept\u00e9e par les \u00c9tats. Sur le plan substantiel, l\u2019augmentation des capacit\u00e9s des acteurs du conflit am\u00e8ne \u00e0 questionner l\u2019applicabilit\u00e9 et l\u2019application des r\u00e8gles qui pr\u00e9servent lesindividus et les combattants contre certains exc\u00e8s. L&rsquo;article confronte les projets d\u2019augmentation du soldat aux garanties dont dispose l\u2019ordre juridique international afin d\u2019\u00e9clairer les risques que cette disruption technologique pourra entra\u00eener.<\/p>\n\n\n\n<p>Vous pouvez consulter cette <strong><a href=\"https:\/\/julien-ancelin.fr\/?page_id=9\">publication sur demande (via le formulaire de contact)<\/a><\/strong> ou sur le Portail des Revues scientifiques en SHS <a href=\"https:\/\/www.cairn.info\/revue-les-champs-de-mars-2021-2-page-47.htm\" target=\"_blank\" rel=\"noopener\"><strong>Cairn.fr<\/strong><\/a><\/p>\n\n\n\n<p class=\"has-text-align-center\"><strong>La position fran\u00e7aise face \u00e0 l\u2019autonomie des moyens de combat &#8211; Entre d\u00e9termination et ambigu\u00eft\u00e9<\/strong><\/p>\n\n\n\n<p class=\"has-text-align-center\"><strong>&nbsp;<em>Annuaire fran\u00e7ais de droit international pour l\u2019ann\u00e9e 2019<\/em>, Paris, CNRS, 2020, pp.764-783.<\/strong><\/p>\n\n\n<div class=\"wp-block-image is-style-rounded\">\n<figure class=\"alignright size-large is-resized\"><img loading=\"lazy\" decoding=\"async\" width=\"600\" height=\"905\" src=\"https:\/\/julien-ancelin.fr\/wp-content\/uploads\/2021\/01\/9782271135254-1.jpg\" alt=\"\" class=\"wp-image-736\" style=\"width:229px;height:345px\" srcset=\"https:\/\/julien-ancelin.fr\/wp-content\/uploads\/2021\/01\/9782271135254-1.jpg 600w, https:\/\/julien-ancelin.fr\/wp-content\/uploads\/2021\/01\/9782271135254-1-199x300.jpg 199w, https:\/\/julien-ancelin.fr\/wp-content\/uploads\/2021\/01\/9782271135254-1-508x766.jpg 508w\" sizes=\"auto, (max-width: 600px) 100vw, 600px\" \/><\/figure>\n<\/div>\n\n\n<p>Confront\u00e9e aux mutations d\u2019ampleur qu\u2019implique la r\u00e9volution robotique, la France a progressivement construit une doctrine adapt\u00e9e aux perspectives que l\u2019autonomie des moyens de combat pouvait engendrer. En retenant une d\u00e9finition stricte de ce qu\u2019est un syst\u00e8me&nbsp;<em>autonome<\/em>, une ligne de partage a \u00e9t\u00e9 trac\u00e9e entre, d\u2019une part, les syst\u00e8mes compl\u00e8tement autonomes dans lesquels l\u2019humain est rel\u00e9gu\u00e9&nbsp;<em>off the loop<\/em>&nbsp;et dont la lic\u00e9it\u00e9 serait exclue et, d\u2019autre part, les syst\u00e8mes ne comportant qu\u2019une part d\u2019autonomie (incluant notamment les drones) dans lesquels l\u2019humain demeure&nbsp;<em>in&nbsp;<\/em>ou&nbsp;<em>on the loop<\/em>&nbsp;et dont la lic\u00e9it\u00e9 semble majoritairement admise. N\u00e9anmoins, l\u2019apparente clart\u00e9 de cette s\u00e9paration s\u2019est rapidement dissip\u00e9e lorsque les \u00e9changes internationaux se sont engag\u00e9s sur l\u2019\u00e9tendue de ce que devait \u00eatre l\u2019interaction humain\/machine. C\u2019est \u00e0 ce stade que les principaux risques de contrari\u00e9t\u00e9 aux normes nationales et internationales sont apparus (notamment en termes de dignit\u00e9 humaine).&nbsp;<\/p>\n\n\n\n<p>Vous pouvez consulter cette <strong><a href=\"https:\/\/julien-ancelin.fr\/?page_id=9\">publication sur demande (via le formulaire de contact)<\/a><\/strong><\/p>\n\n\n\n<hr class=\"wp-block-separator has-text-color has-black-color has-css-opacity has-black-background-color has-background is-style-dots\"\/>\n\n\n\n<h5 class=\"wp-block-heading has-text-align-center\">La doctrine fran\u00e7aise d\u2019emploi de moyens de combat pleinement autonomes<\/h5>\n\n\n\n<h5 class=\"wp-block-heading has-text-align-center\"><em>Annuaire de l\u2019Association fran\u00e7aise de droit de la d\u00e9fense et de la s\u00e9curit\u00e9 pour l\u2019ann\u00e9e 2018<\/em>, \u00e9d. Mare et Martin, 2019, pp.245-254.&nbsp;<\/h5>\n\n\n<div class=\"wp-block-image\">\n<figure class=\"alignright\"><img loading=\"lazy\" decoding=\"async\" width=\"189\" height=\"300\" src=\"http:\/\/julien-ancelin.fr\/wp-content\/uploads\/2020\/01\/Capture-d\u2019\u00e9cran-2020-01-02-\u00e0-16.55.56-189x300.png\" alt=\"\" class=\"wp-image-97\" srcset=\"https:\/\/julien-ancelin.fr\/wp-content\/uploads\/2020\/01\/Capture-d\u2019\u00e9cran-2020-01-02-\u00e0-16.55.56-189x300.png 189w, https:\/\/julien-ancelin.fr\/wp-content\/uploads\/2020\/01\/Capture-d\u2019\u00e9cran-2020-01-02-\u00e0-16.55.56.png 480w\" sizes=\"auto, (max-width: 189px) 100vw, 189px\" \/><\/figure>\n<\/div>\n\n\n<p>Cet article constitue une contribution \u00e0 l&rsquo;Annuaire pour l&rsquo;ann\u00e9e 2019.&nbsp;Il s&rsquo;agit de proposer une \u00e9tude de l\u2019approche suivie par la France \u00e0 face \u00e0 l\u2019autonomisation des moyens de combat. Confront\u00e9e aux mutations d\u2019ampleur qu\u2019implique la r\u00e9volution robotique, la France a progressivement construit une doctrine adapt\u00e9e aux perspectives qu\u2019impliquent l\u2019autonomie. Une ligne de partage, en apparence claire, semble avoir \u00e9t\u00e9 trac\u00e9e entre, d\u2019une part, les syst\u00e8mes compl\u00e8tement autonomes dans lesquels l\u2019humain est rel\u00e9gu\u00e9 <em>off&nbsp;<\/em><em>the loop<\/em> et dont la lic\u00e9it\u00e9 serait exclue et, d\u2019autre part, les syst\u00e8mes ne comportant qu\u2019une part d\u2019autonomie (incluant notamment les drones) dans lesquels l\u2019humain demeure <em>in<\/em> ou <em>on the loop.<\/em><\/p>\n\n\n\n<p>Vous pouvez<a href=\"https:\/\/julien-ancelin.fr\/wp-content\/uploads\/2020\/12\/programmecolloqueafdsddefinitif-1.pdf\"> <strong>retrouver le programme du colloque <\/strong><\/a>et consulter cette <strong><a href=\"https:\/\/julien-ancelin.fr\/?page_id=9\">publication sur demande (via le formulaire de contact)<\/a><\/strong> ou par la <a href=\"http:\/\/www.mareetmartin.com\/livre\/annuaire-2019-du-droit-de-la-securite-et-de-la-defense\" target=\"_blank\" rel=\"noopener\"><strong>version papier pr\u00e9sent\u00e9e sur le site des \u00e9ditions Mare et Martin<\/strong><\/a><\/p>\n","protected":false},"excerpt":{"rendered":"<p>Le soldat augment\u00e9\u00a0: combattant ou moyen de combat\u00a0? \u00c9tat des lieux des d\u00e9fis pour le droit international \u00a0Les Champs de Mars, num\u00e9ro 27, Paris, IRSEM, Presses de SciencesPo,&#8230;<\/p>\n","protected":false},"author":1,"featured_media":0,"parent":419,"menu_order":1,"comment_status":"closed","ping_status":"closed","template":"","meta":{"footnotes":""},"class_list":["post-528","page","type-page","status-publish","hentry"],"_links":{"self":[{"href":"https:\/\/julien-ancelin.fr\/index.php?rest_route=\/wp\/v2\/pages\/528","targetHints":{"allow":["GET"]}}],"collection":[{"href":"https:\/\/julien-ancelin.fr\/index.php?rest_route=\/wp\/v2\/pages"}],"about":[{"href":"https:\/\/julien-ancelin.fr\/index.php?rest_route=\/wp\/v2\/types\/page"}],"author":[{"embeddable":true,"href":"https:\/\/julien-ancelin.fr\/index.php?rest_route=\/wp\/v2\/users\/1"}],"replies":[{"embeddable":true,"href":"https:\/\/julien-ancelin.fr\/index.php?rest_route=%2Fwp%2Fv2%2Fcomments&post=528"}],"version-history":[{"count":12,"href":"https:\/\/julien-ancelin.fr\/index.php?rest_route=\/wp\/v2\/pages\/528\/revisions"}],"predecessor-version":[{"id":809,"href":"https:\/\/julien-ancelin.fr\/index.php?rest_route=\/wp\/v2\/pages\/528\/revisions\/809"}],"up":[{"embeddable":true,"href":"https:\/\/julien-ancelin.fr\/index.php?rest_route=\/wp\/v2\/pages\/419"}],"wp:attachment":[{"href":"https:\/\/julien-ancelin.fr\/index.php?rest_route=%2Fwp%2Fv2%2Fmedia&parent=528"}],"curies":[{"name":"wp","href":"https:\/\/api.w.org\/{rel}","templated":true}]}}