{"id":531,"date":"2020-11-18T23:19:59","date_gmt":"2020-11-18T22:19:59","guid":{"rendered":"https:\/\/julien-ancelin.fr\/?page_id=531"},"modified":"2020-12-09T13:16:51","modified_gmt":"2020-12-09T12:16:51","slug":"2-3-2-colloques-et-conferences","status":"publish","type":"page","link":"https:\/\/julien-ancelin.fr\/?page_id=531","title":{"rendered":"Conf\u00e9rences et expertises"},"content":{"rendered":"\n<h4 class=\"has-text-align-center wp-block-heading\"><strong>Intervention \u00e0 l&rsquo;occasion du colloque de l&rsquo;Association pour les Etudes sur la Guerre et la Strat\u00e9gies (AEGES) organis\u00e9 \u00e0 l&rsquo;Universit\u00e9 Paris II Panth\u00e9on Assas (\u00ab\u00a0Corps et Guerre\u00a0\u00bb) au sein du panel sur le \u00ab\u00a0soldat augment\u00e9\u00a0\u00bb, 19 d\u00e9cembre 2020<\/strong><\/h4>\n\n\n\n<div class=\"wp-block-image\"><figure class=\"alignleft\"><img loading=\"lazy\" decoding=\"async\" width=\"240\" height=\"300\" src=\"http:\/\/julien-ancelin.fr\/wp-content\/uploads\/2020\/01\/Capture-d\u2019\u00e9cran-2020-01-15-\u00e0-16.40.01-240x300.png\" alt=\"\" class=\"wp-image-194\" srcset=\"https:\/\/julien-ancelin.fr\/wp-content\/uploads\/2020\/01\/Capture-d\u2019\u00e9cran-2020-01-15-\u00e0-16.40.01-240x300.png 240w, https:\/\/julien-ancelin.fr\/wp-content\/uploads\/2020\/01\/Capture-d\u2019\u00e9cran-2020-01-15-\u00e0-16.40.01-819x1024.png 819w, https:\/\/julien-ancelin.fr\/wp-content\/uploads\/2020\/01\/Capture-d\u2019\u00e9cran-2020-01-15-\u00e0-16.40.01-768x961.png 768w, https:\/\/julien-ancelin.fr\/wp-content\/uploads\/2020\/01\/Capture-d\u2019\u00e9cran-2020-01-15-\u00e0-16.40.01.png 1044w\" sizes=\"auto, (max-width: 240px) 100vw, 240px\" \/><\/figure><\/div>\n\n\n\n<p>Face au constat politique des limites biologiques du soldat, les recherches contemporaines se portent vers la&nbsp;compensation des failles de l\u2019enveloppe et du psychisme humain. La communication pr\u00e9sent\u00e9e \u00ab\u00a0Le droit international face au d\u00e9fi du soldat augment\u00e9 : combattant ou moyen de combat ?\u00a0\u00bb \u00e0 l&rsquo;occasion du colloque annuel de l&rsquo;<a href=\"http:\/\/www.aeges.fr\" target=\"_blank\" rel=\"noopener\"><strong>AEGES<\/strong><\/a> aura permis d&rsquo;interroger les conditions dans lesquelles les normes internationales pourront saisir le ph\u00e9nom\u00e8ne.<\/p>\n\n\n\n<p>Cette participation aura permis d&rsquo;envisager deux questions : une premi\u00e8re sur &nbsp;l&rsquo;applicabilit\u00e9 puis une seconde sur l&rsquo;application du droit international des droits de l&rsquo;homme et du droit international des conflit arm\u00e9s au futur soldat augment\u00e9. Ces interrogations ont r\u00e9v\u00e9l\u00e9 que la qualification de ce futur acteur de la conflictualit\u00e9 en tant que&nbsp;combattant ou en tant que moyen de combat rel\u00e8vera d&rsquo;une importance primordiale<\/p>\n\n\n\n<p>Retrouvez le <a href=\"http:\/\/julien-ancelin.fr\/wp-content\/uploads\/2020\/01\/Programme-D\u00e9finitif-Colloque-AEGES-2019.pdf\"><strong>programme de cette manifestation<\/strong><\/a><\/p>\n\n\n\n<h4 class=\"wp-block-heading\"><strong>Participations aux travaux de l&rsquo;Assembl\u00e9e nationale \u00e0 l&rsquo;initiative du d\u00e9put\u00e9 F. Gouttefarde (Commission de la d\u00e9fense et des forces arm\u00e9es) : <\/strong><\/h4>\n\n\n\n<h4 class=\"wp-block-heading\"><strong>Table ronde \u00ab\u00a0Les enjeux li\u00e9s aux syst\u00e8mes d&rsquo;armes l\u00e9tales autonomes\u00a0\u00bb, 11 avril 2019<\/strong><\/h4>\n\n\n\n<h4 class=\"wp-block-heading\">Audition dans le cadre du Rapport d&rsquo;information parlementaire du 22 juillet 2020.<\/h4>\n\n\n\n<div class=\"wp-block-image\"><figure class=\"alignleft\"><img loading=\"lazy\" decoding=\"async\" width=\"222\" height=\"300\" src=\"http:\/\/julien-ancelin.fr\/wp-content\/uploads\/2020\/01\/Capture-d\u2019\u00e9cran-2020-01-15-\u00e0-15.48.20-222x300.png\" alt=\"\" class=\"wp-image-190\" srcset=\"https:\/\/julien-ancelin.fr\/wp-content\/uploads\/2020\/01\/Capture-d\u2019\u00e9cran-2020-01-15-\u00e0-15.48.20-222x300.png 222w, https:\/\/julien-ancelin.fr\/wp-content\/uploads\/2020\/01\/Capture-d\u2019\u00e9cran-2020-01-15-\u00e0-15.48.20-758x1024.png 758w, https:\/\/julien-ancelin.fr\/wp-content\/uploads\/2020\/01\/Capture-d\u2019\u00e9cran-2020-01-15-\u00e0-15.48.20-768x1038.png 768w, https:\/\/julien-ancelin.fr\/wp-content\/uploads\/2020\/01\/Capture-d\u2019\u00e9cran-2020-01-15-\u00e0-15.48.20.png 980w\" sizes=\"auto, (max-width: 222px) 100vw, 222px\" \/><\/figure><\/div>\n\n\n\n<p>Pr\u00e9sentation d&rsquo;une communication sur la \u00ab\u00a0France face \u00e0 l&rsquo;autonomie des moyens de combat dans les \u00e9changes internationaux\u00a0\u00bb. Dans un contexte de ruptures technologiques massives dans le domaine de l&rsquo;armement, les parlementaires fran\u00e7ais cherchent \u00e0 construire une position propre. Dans ce contexte, les enjeux \u00e9thiques, juridiques, politiques et strat\u00e9giques que posent l\u2019essor des syst\u00e8mes d\u2019armes l\u00e9tales autonomes dans les rapports de l&rsquo;humain au conflit arm\u00e9 ont \u00e9t\u00e9 plac\u00e9 au centre des r\u00e9flexion de cette manifestation.<\/p>\n\n\n\n<p>L&rsquo;intervention \u00e0 l&rsquo;occasion de cette table ronde aupr\u00e8s des acteurs politiques, industriel et associatif aura permis de mettre en lumi\u00e8re les tension de la position nationale lorsqu&rsquo;elle s&rsquo;exprime \u00e0 l&rsquo;\u00e9chelle internationale.<\/p>\n\n\n\n<p>Retrouvez le <a href=\"http:\/\/julien-ancelin.fr\/wp-content\/uploads\/2020\/01\/Invitation-Table-Ronde-SALA-11-04-2019-AN-1.pdf\"><strong>programme de la table ronde<\/strong>&nbsp;<\/a>et le <a href=\"http:\/\/www.assemblee-nationale.fr\/dyn\/15\/rapports\/cion_def\/l15b3248_rapport-information\" target=\"_blank\" rel=\"noopener\"><strong>rapport d&rsquo;information parlementaire<\/strong><\/a> auquel j&rsquo;ai pu participer dans le cadre des auditions organis\u00e9es par ses rapporteurs.  <\/p>\n\n\n\n<p><\/p>\n","protected":false},"excerpt":{"rendered":"<p>Intervention \u00e0 l&rsquo;occasion du colloque de l&rsquo;Association pour les Etudes sur la Guerre et la Strat\u00e9gies (AEGES) organis\u00e9 \u00e0 l&rsquo;Universit\u00e9 Paris II Panth\u00e9on Assas (\u00ab\u00a0Corps et Guerre\u00a0\u00bb) au&#8230;<\/p>\n","protected":false},"author":1,"featured_media":0,"parent":419,"menu_order":2,"comment_status":"closed","ping_status":"closed","template":"","meta":{"footnotes":""},"class_list":["post-531","page","type-page","status-publish","hentry"],"_links":{"self":[{"href":"https:\/\/julien-ancelin.fr\/index.php?rest_route=\/wp\/v2\/pages\/531","targetHints":{"allow":["GET"]}}],"collection":[{"href":"https:\/\/julien-ancelin.fr\/index.php?rest_route=\/wp\/v2\/pages"}],"about":[{"href":"https:\/\/julien-ancelin.fr\/index.php?rest_route=\/wp\/v2\/types\/page"}],"author":[{"embeddable":true,"href":"https:\/\/julien-ancelin.fr\/index.php?rest_route=\/wp\/v2\/users\/1"}],"replies":[{"embeddable":true,"href":"https:\/\/julien-ancelin.fr\/index.php?rest_route=%2Fwp%2Fv2%2Fcomments&post=531"}],"version-history":[{"count":4,"href":"https:\/\/julien-ancelin.fr\/index.php?rest_route=\/wp\/v2\/pages\/531\/revisions"}],"predecessor-version":[{"id":699,"href":"https:\/\/julien-ancelin.fr\/index.php?rest_route=\/wp\/v2\/pages\/531\/revisions\/699"}],"up":[{"embeddable":true,"href":"https:\/\/julien-ancelin.fr\/index.php?rest_route=\/wp\/v2\/pages\/419"}],"wp:attachment":[{"href":"https:\/\/julien-ancelin.fr\/index.php?rest_route=%2Fwp%2Fv2%2Fmedia&parent=531"}],"curies":[{"name":"wp","href":"https:\/\/api.w.org\/{rel}","templated":true}]}}